{"id":74,"date":"2024-10-28T14:13:40","date_gmt":"2024-10-28T14:13:40","guid":{"rendered":"http:\/\/neuroleak.fr\/?page_id=74"},"modified":"2025-12-11T09:56:33","modified_gmt":"2025-12-11T08:56:33","slug":"grand-bercy-aux-vieux","status":"publish","type":"page","link":"https:\/\/neuroleak.fr\/?page_id=74","title":{"rendered":"ELUS-Grand BERCY aux retrait\u00e9s"},"content":{"rendered":"\n<p><br><strong>Des syst\u00e8mes de retraite du public, \u00e9labor\u00e9s et comptabilis\u00e9s par des fonctionnaires trop intelligents pour \u00eatre compr\u00e9hensibles par de vieux retrait\u00e9s du secteur priv\u00e9<\/strong><\/p>\n\n\n\n<div class=\"wp-block-group alignfull has-accent-background-color has-background has-global-padding is-layout-constrained wp-container-core-group-is-layout-669513ed wp-block-group-is-layout-constrained\" style=\"margin-top:0;margin-bottom:0;padding-top:var(--wp--preset--spacing--50);padding-right:var(--wp--preset--spacing--50);padding-bottom:var(--wp--preset--spacing--50);padding-left:var(--wp--preset--spacing--50)\">\n<div class=\"wp-block-columns alignwide is-layout-flex wp-container-core-columns-is-layout-1da03c2a wp-block-columns-is-layout-flex\">\n<div class=\"wp-block-column is-vertically-aligned-stretch is-layout-flow wp-block-column-is-layout-flow\" style=\"flex-basis:50%\">\n<div class=\"wp-block-group is-vertical is-content-justification-stretch is-layout-flex wp-container-core-group-is-layout-03ea0e6e wp-block-group-is-layout-flex\" style=\"min-height:100%\">\n<p class=\"has-heading-font-family has-x-large-font-size\" style=\"line-height:1.2\"><br><\/p>\n\n\n\n<p class=\"has-tertiary-background-color has-background wp-container-content-0733e5d0\"><strong>TROIS AVERTISSEMENTS pr\u00e9alables<\/strong>, pour une bonne pr\u00e9-digestion de ce plat de spaguettis, qui fait le syst\u00e8me de retraite que l&rsquo;Etat offre \u00e0 ses fonctionnaires:<br>Dans cette \u00e9tude <strong>nous sommes<\/strong>:<br><strong>1- Simplets<\/strong>, nous aussi, on s&rsquo;autorise aussi les sigles: <strong>SRE<\/strong> pour <strong>Service des Retraites de l\u2019\u00c9tat<\/strong> , <strong>FPE<\/strong> pour <strong>Fonction publique d\u2019\u00c9tat<\/strong><br><em>0.bis la FPE couvre les minist\u00e8res, les administrations centrales, et certaines agences de l\u2019\u00c9tat (police nationale, enseignants, magistrats, etc.)<\/em><br><br><strong>2- Laxistes<\/strong>, il n&rsquo;est trait\u00e9 ici, qu&rsquo;un seul r\u00e9gime de retraite parmi les 3 principaux (couvrant que 45%des b\u00e9n\u00e9ficiaires), mais une extrapolation est autoris\u00e9e jusqu&rsquo;\u00e0 100%.<br><br><strong>3- Ignorants<\/strong>,car ces donn\u00e9es sont relatives \u00e0 l&rsquo;ann\u00e9e 2022 , pour la plupart (compatissants pour les victimes d&rsquo; ordinateurs dont le tableur ne r\u00e9sout pas une feuille de calcul dans les 2 ans apr\u00e8s appui sur &lt;ENTER&gt;<\/p>\n\n\n\n<div class=\"wp-block-group has-global-padding is-content-justification-left is-layout-constrained wp-container-core-group-is-layout-9fe8ed88 wp-block-group-is-layout-constrained\">\n<p class=\"wp-container-content-0733e5d0\"><\/p>\n\n\n\n<div class=\"wp-block-buttons is-layout-flex wp-block-buttons-is-layout-flex\">\n<div class=\"wp-block-button\"><a class=\"wp-block-button__link wp-element-button\">D\u00e9sol\u00e9s pour tout le jargon et ces sigles , mais plus il est incompr\u00e9hensible, plus le langage minist\u00e9riel , en impose . Puisque ceci est incompris, souvent m\u00eame par les rapporteurs, les chiffres ne peuvent \u00eatre qu&rsquo;exacts.<\/a><\/div>\n<\/div>\n<\/div>\n<\/div>\n<\/div>\n\n\n\n<div class=\"wp-block-column is-vertically-aligned-center is-layout-flow wp-block-column-is-layout-flow\" style=\"flex-basis:50%\">\n<figure class=\"wp-block-image size-full is-style-default\"><img loading=\"lazy\" decoding=\"async\" width=\"200\" height=\"267\" src=\"https:\/\/neuroleak.fr\/wp-content\/uploads\/2024\/11\/cerveaufgreffe-1-2.jpg\" alt=\"\" class=\"wp-image-577\" style=\"aspect-ratio:3\/4;object-fit:cover\"\/><\/figure>\n<\/div>\n<\/div>\n<\/div>\n\n\n\n<p>Le <strong>SRE<\/strong> re\u00e7oit et g\u00e8re annuellement <strong>30Md<\/strong>\u20ac: les pensions de retraite des fonctionnaires de l&rsquo;\u00c9tat, soit environ <strong>2,4 millions de cotisants<\/strong> , pour nourrir <strong>1,9 million de ses retrait\u00e9s<\/strong><br><br>Note 1: <br>&#8211; si 30Md\u20ac est le montant est<strong> li\u00e9 aux 11,10 %<\/strong> not\u00e9 sur chaque bon de paye des 2,4 Millions de cotisants, <strong>\u00e7a ne colle pas<\/strong>.<br><br>-si 30Md\u20ac est le montant <strong>li\u00e9 aux 85.5%<\/strong> soit disant pay\u00e9s par l&rsquo;Etat, au titre des cotisants et retrait\u00e9s, cela <strong>ne colle pas<\/strong> non plus.<br><br><em>Pour la suite de nos calculs, nous acceptons ces petits mensonges<\/em><\/p>\n\n\n\n<p><br><strong>Chacun<\/strong> des <strong>2.4 millions de cotisants<\/strong> de la FPE , cotise (cotisations Etat+ cotisations salari\u00e9) <strong>12500 \u20ac annuellement<\/strong> en moyenne , pour les retraites g\u00e9r\u00e9es par le SRE .<br><strong>Chacun<\/strong> des <strong>1.9 millions de retrait\u00e9s<\/strong> du SRE devrait percevoir 15789 Euros annuellement, soit 1315 Euros mensuellement<br>Comme il y a 13% de differences entre les salaires bruts et nets d&rsquo;un fonctionnaire, la moyenne minimum per\u00e7ue au d\u00e9part \u00e0 la retraite serait alors de 1953x<em>1.13<\/em>x0.75 = 1655 Euros<br>Pour cela, le <strong>SRE devrait percevoir<\/strong> au minimum annuellement <strong>37.7 Md<\/strong>\u20ac, mais ceci est faux aussi car, en 2022, les retrait\u00e9s anciens les fonctionnaires civils de l&rsquo;\u00c9tat touchent 2162 \u20ac par mois , donc <strong>le SRE d\u00e9marre d\u00e9ja perdant<\/strong> , il aurait du percevoir annuellement <strong>49.3 Md<\/strong>\u20ac<\/p>\n\n\n\n<p><em>Les cotisants issus de la FPE (total Salaires  FPE 88 MdE\u20acsur 193 MdE Total G\u00e9n\u00e9ral des salaires pour la fonction publique)<\/em><\/p>\n\n\n\n<figure class=\"wp-block-table is-style-stripes\"><table class=\"has-fixed-layout\"><tbody><tr><td>Salaire minimum \u20ac<\/td><td>Cat\u00e9gorie<\/td><td>Type activit\u00e9<\/td><td>% de cotisants<\/td><\/tr><tr><td>???<\/td><td>A+ (pontes)<\/td><td>chefs divers<\/td><td>4%<\/td><\/tr><tr><td>2400<\/td><td>A (divers cadres)<\/td><td>enseignants etc..<\/td><td>52%<\/td><\/tr><tr><td>1800<\/td><td>B (agents)<\/td><td>interm\u00e9daires<\/td><td>24%<\/td><\/tr><tr><td>1300<\/td><td>C (ex\u00e9cution)<\/td><td>ouvriers etc&#8230;<\/td><td>21%<\/td><\/tr><\/tbody><\/table><\/figure>\n\n\n\n<p>Avec une abstraction oblig\u00e9e des A+, la moyenne mensuelle minimum per\u00e7ue serait de 1953 \u20ac<\/p>\n\n\n\n<p>Avec le SRE un handicap annuel de 64% est entretenu, et, les fonctionnaires d\u00e9pendant du SRE, ne repr\u00e9sententent que 44% du total des fonctionnaires, si la CNRACL, le RAFP etc.. ont les m\u00eames calculettes , <strong>leur sous estimation annuelle est de 31.3Md<\/strong>\u20ac<\/p>\n\n\n\n<div class=\"wp-block-group alignfull has-base-color has-contrast-background-color has-text-color has-background has-link-color wp-elements-535d1e1da5dd61ad64d1b136d59e253d has-global-padding is-layout-constrained wp-container-core-group-is-layout-d89aad35 wp-block-group-is-layout-constrained\" style=\"margin-top:0;margin-bottom:0;padding-top:var(--wp--preset--spacing--50);padding-right:var(--wp--preset--spacing--50);padding-bottom:var(--wp--preset--spacing--50);padding-left:var(--wp--preset--spacing--50)\">\n<h2 class=\"wp-block-heading alignwide has-base-color has-text-color has-link-color wp-elements-f96816adf8318c45262b125ed46b4a92\" style=\"font-size:clamp(2.418rem, 2.418rem + ((1vw - 0.2rem) * 3.47), 4.5rem);letter-spacing:-0.02em\"><strong>SOLUTIONS<\/strong><\/h2>\n\n\n\n<hr class=\"wp-block-separator has-text-color has-base-color has-alpha-channel-opacity has-base-background-color has-background is-style-wide\" style=\"margin-top:var(--wp--preset--spacing--30);margin-bottom:var(--wp--preset--spacing--30)\"\/>\n\n\n\n<div class=\"wp-block-group alignwide is-layout-flow wp-block-group-is-layout-flow\">\n<h3 class=\"wp-block-heading alignwide has-base-2-color has-text-color has-link-color wp-elements-94614c259715e7d1c76bcc163030e4e0\"><strong>Les solutions gagnantes de TBB<\/strong>:<\/h3>\n\n\n\n<p class=\"has-background-color has-foreground-background-color has-text-color has-background has-link-color wp-elements-12d7baca920b0c2d2b763abe1098a4b7\"><em>1-<strong>Changer<\/strong> les tuyaux entr\u00e9e-sortie dans la FPE (<strong>Economies<\/strong> escompt\u00e9es <strong>6.6 Md\u20ac\/an<\/strong>), y penser aussi pour la FTP et la FPH<br>2-<strong>S\u00e9lectionner<\/strong> les candidats maladifs pour int\u00e9grer le personnel de la FPE (<strong>Economies<\/strong> reelles escompt\u00e9e <strong>9 Md\u20ac\/an<\/strong> , avec , en prime, une action vraiment sociale, l&#8217;embauche de personnel vraiment handicap\u00e9 et\/ou maladif), y penser pour la FTP, c&rsquo;est plus simple avec la FPH<br>NOTE: l&rsquo;\u00e9sp\u00e9rance de vie de candidats maladifs devrait se rapprocher de celle de la population (25.5 ans a l&rsquo;age de 62 ans, pour les 30 ans de la s\u00e9lection actuelle de fonctionnaires: 4.5 ann\u00e9es de retraite gagn\u00e9es)<br>3- HYPOTHESE PERDANTE: <strong>changer les piles<\/strong> dans les calculettes de Bercy, pertes annuelles escompt\u00e9es 50 Md\u20ac (a programmer pour le prochain mandat)<br>4- Echanger les calculettes de Bercy avec des bouliers (chinois car moins chers) pour faire durer le plaisir de reposer tous les ans la m\u00eame question \u00e0 nos meilleurs \u00e9conomistes \u00ab\u00a0pourquoi \u00e7a ne colle pas ?\u00a0\u00bb<\/em><\/p>\n\n\n\n<p class=\"has-contrast-1-color has-text-color has-link-color wp-elements-8a6244d0256af1d148be9c6f8727b5fe\"><\/p>\n\n\n\n<hr class=\"wp-block-separator has-text-color has-base-color has-alpha-channel-opacity has-base-background-color has-background is-style-wide\" style=\"margin-top:var(--wp--preset--spacing--30);margin-bottom:var(--wp--preset--spacing--30)\"\/>\n\n\n\n<p class=\"has-contrast-1-color has-text-color has-link-color wp-elements-8a6244d0256af1d148be9c6f8727b5fe\"><\/p>\n\n\n\n<div style=\"margin-top:var(--wp--preset--spacing--10);margin-bottom:0;height:var(--wp--preset--spacing--10)\" aria-hidden=\"true\" class=\"wp-block-spacer\"><\/div>\n<\/div>\n<\/div>\n","protected":false},"excerpt":{"rendered":"<p>Des syst\u00e8mes de retraite du public, \u00e9labor\u00e9s et comptabilis\u00e9s par des fonctionnaires trop intelligents pour \u00eatre compr\u00e9hensibles par de vieux retrait\u00e9s du secteur priv\u00e9 TROIS AVERTISSEMENTS pr\u00e9alables, pour une bonne pr\u00e9-digestion de ce plat de spaguettis, qui fait le syst\u00e8me de retraite que l&rsquo;Etat offre \u00e0 ses fonctionnaires:Dans cette \u00e9tude nous sommes:1- Simplets, nous aussi, [&hellip;]<\/p>\n","protected":false},"author":1,"featured_media":0,"parent":0,"menu_order":0,"comment_status":"closed","ping_status":"closed","template":"","meta":{"footnotes":""},"class_list":["post-74","page","type-page","status-publish","hentry"],"_links":{"self":[{"href":"https:\/\/neuroleak.fr\/index.php?rest_route=\/wp\/v2\/pages\/74","targetHints":{"allow":["GET"]}}],"collection":[{"href":"https:\/\/neuroleak.fr\/index.php?rest_route=\/wp\/v2\/pages"}],"about":[{"href":"https:\/\/neuroleak.fr\/index.php?rest_route=\/wp\/v2\/types\/page"}],"author":[{"embeddable":true,"href":"https:\/\/neuroleak.fr\/index.php?rest_route=\/wp\/v2\/users\/1"}],"replies":[{"embeddable":true,"href":"https:\/\/neuroleak.fr\/index.php?rest_route=%2Fwp%2Fv2%2Fcomments&post=74"}],"version-history":[{"count":15,"href":"https:\/\/neuroleak.fr\/index.php?rest_route=\/wp\/v2\/pages\/74\/revisions"}],"predecessor-version":[{"id":965,"href":"https:\/\/neuroleak.fr\/index.php?rest_route=\/wp\/v2\/pages\/74\/revisions\/965"}],"wp:attachment":[{"href":"https:\/\/neuroleak.fr\/index.php?rest_route=%2Fwp%2Fv2%2Fmedia&parent=74"}],"curies":[{"name":"wp","href":"https:\/\/api.w.org\/{rel}","templated":true}]}}