{"id":84,"date":"2024-09-30T17:23:46","date_gmt":"2024-09-30T17:23:46","guid":{"rendered":"http:\/\/neuroleak.fr\/?page_id=84"},"modified":"2025-12-11T09:56:56","modified_gmt":"2025-12-11T08:56:56","slug":"harmonisation-des-pib","status":"publish","type":"page","link":"https:\/\/neuroleak.fr\/?page_id=84","title":{"rendered":"ELUS-Harmonisation des PIB"},"content":{"rendered":"\n<p><br><strong>Ici nous donnons des conseils \u00e0 nos voisins Allemands, afin de r\u00e9duire l\u2019\u00e9cart existant entre les PIB Allemands et Fran\u00e7ais .<\/strong><br><strong>Nous n avons pas os\u00e9, en cette p\u00e9riode ou les agit\u00e9s se sont reproduit \u00e0 l\u2019Assembl\u00e9e, donner des conseils aux Fran\u00e7ais<\/strong><\/p>\n\n\n\n<div class=\"wp-block-group alignfull has-accent-background-color has-background has-global-padding is-layout-constrained wp-container-core-group-is-layout-669513ed wp-block-group-is-layout-constrained\" style=\"margin-top:0;margin-bottom:0;padding-top:var(--wp--preset--spacing--50);padding-right:var(--wp--preset--spacing--50);padding-bottom:var(--wp--preset--spacing--50);padding-left:var(--wp--preset--spacing--50)\">\n<div class=\"wp-block-columns alignwide is-layout-flex wp-container-core-columns-is-layout-1da03c2a wp-block-columns-is-layout-flex\">\n<div class=\"wp-block-column is-vertically-aligned-stretch is-layout-flow wp-block-column-is-layout-flow\" style=\"flex-basis:50%\">\n<div class=\"wp-block-group is-vertical is-content-justification-stretch is-layout-flex wp-container-core-group-is-layout-444d5ee8 wp-block-group-is-layout-flex\" style=\"min-height:100%\">\n<p class=\"has-heading-font-family has-x-large-font-size\" style=\"line-height:1.2\">Apr\u00e8s lecture des \u00e9tudes Europ\u00e9ennes comparatives, TBB pose les questions suivantes:<br>Les enseignants Fran\u00e7ais sont-ils trop rentables ?<br>Les conduites Fran\u00e7aises manquent-elles d&rsquo;\u00e9tanch\u00e9it\u00e9?<br>Comment pouvons nous aider \u00e0 l&rsquo;harmonisation des PIB Fran\u00e7ais et Allemand ?<\/p>\n\n\n\n<p class=\"wp-container-content-0733e5d0\">Ayant renonc\u00e9 \u00e0 sp\u00e9culer sur une augmentation notre PIB national \u00e0 la vue des ann\u00e9es 2025, 26 &#8230; , nous sommes quand m\u00eame en mesure de proposer une fa\u00e7on non contraignante pour rapprocher les PIB Fran\u00e7ais et Allemand dans ce futur.<\/p>\n<\/div>\n<\/div>\n\n\n\n<div class=\"wp-block-column is-vertically-aligned-center is-layout-flow wp-block-column-is-layout-flow\" style=\"flex-basis:50%\">\n<figure class=\"wp-block-image size-full is-style-default\"><img loading=\"lazy\" decoding=\"async\" width=\"300\" height=\"300\" src=\"https:\/\/neuroleak.fr\/wp-content\/uploads\/2024\/11\/ours_ecole-2-1-1.jpg\" alt=\"\" class=\"wp-image-571\" style=\"aspect-ratio:3\/4;object-fit:cover\" srcset=\"https:\/\/neuroleak.fr\/wp-content\/uploads\/2024\/11\/ours_ecole-2-1-1.jpg 300w, https:\/\/neuroleak.fr\/wp-content\/uploads\/2024\/11\/ours_ecole-2-1-1-150x150.jpg 150w\" sizes=\"auto, (max-width: 300px) 100vw, 300px\" \/><\/figure>\n<\/div>\n<\/div>\n<\/div>\n\n\n\n<div class=\"wp-block-group alignfull has-base-background-color has-background has-global-padding is-layout-constrained wp-container-core-group-is-layout-d89aad35 wp-block-group-is-layout-constrained\" style=\"margin-top:0;margin-bottom:0;padding-top:var(--wp--preset--spacing--50);padding-right:var(--wp--preset--spacing--50);padding-bottom:var(--wp--preset--spacing--50);padding-left:var(--wp--preset--spacing--50)\">\n<div class=\"wp-block-columns alignwide is-layout-flex wp-container-core-columns-is-layout-549b0c86 wp-block-columns-is-layout-flex\">\n<div class=\"wp-block-column is-layout-flow wp-container-core-column-is-layout-119bc444 wp-block-column-is-layout-flow\" style=\"flex-basis:100%\">\n<p class=\"has-heading-font-family has-x-large-font-size\" style=\"line-height:1.2\">Un enseignant en Allemagne est charg\u00e9 de 14,9 \u00e9l\u00e8ves, un enseignant en France est charg\u00e9 de 18,4 \u00e9l\u00e8ves, RENTABILITE FRANCAISE = + 23%<br>Un enseignant en Allemagne gagne 1,8 fois le salaire d&rsquo;un enseignant en France, RENTABILITE FRANCAISE = + 80%<br>La d\u00e9pense par \u00e9l\u00e8ve (enseignement scolaire et sup\u00e9rieur) est de 14630\u20ac en Allemagne, pour 13050\u20ac en France, RENTABILITE FRANCAISE = +12%<br>L&rsquo;Allemagne utilise 180 Md\u20ac en d\u00e9penses d&rsquo;\u00e9ducation, la France utilise 145 Md\u20ac en d\u00e9penses d&rsquo;\u00e9ducation<\/p>\n\n\n\n<div class=\"wp-block-columns is-layout-flex wp-container-core-columns-is-layout-87beb0d0 wp-block-columns-is-layout-flex\">\n<div class=\"wp-block-column is-layout-flow wp-block-column-is-layout-flow\">\n<p class=\"wp-container-content-9cfa9a5a\"><\/p>\n<\/div>\n<\/div>\n<\/div>\n<\/div>\n<\/div>\n\n\n\n<h2 class=\"wp-block-heading has-text-align-center has-xx-large-font-size\"><\/h2>\n\n\n\n<h2 class=\"wp-block-heading alignwide has-base-color has-text-color has-link-color wp-elements-ab14926a8b2d347d1f416f5491bffe57\" style=\"font-size:clamp(2.835rem, 2.835rem + ((1vw - 0.2rem) * 4.442), 5.5rem);letter-spacing:-0.02em\"><em>TBB propose<\/em>:<\/h2>\n\n\n\n<div class=\"wp-block-group alignfull has-base-color has-contrast-background-color has-text-color has-background has-link-color wp-elements-695f589f06cf4a2ba09f6bd71c8ff3d9 has-global-padding is-layout-constrained wp-container-core-group-is-layout-d89aad35 wp-block-group-is-layout-constrained\" style=\"margin-top:0;margin-bottom:0;padding-top:var(--wp--preset--spacing--50);padding-right:var(--wp--preset--spacing--50);padding-bottom:var(--wp--preset--spacing--50);padding-left:var(--wp--preset--spacing--50)\">\n<div class=\"wp-block-group alignwide is-layout-flow wp-block-group-is-layout-flow\">\n<hr class=\"wp-block-separator has-text-color has-base-color has-alpha-channel-opacity has-base-background-color has-background is-style-wide\" style=\"margin-top:var(--wp--preset--spacing--30);margin-bottom:var(--wp--preset--spacing--30)\"\/>\n\n\n\n<h3 class=\"wp-block-heading alignwide has-base-2-color has-text-color has-link-color wp-elements-bcec79da2a9c38baecc015bb02da8c2d\"><em>Au regard de nos classements Pisa respectifs (24 eme et 26 eme), en adoptant le mod\u00e8le Fran\u00e7ais d&rsquo;\u00e9ducation nationale, l&rsquo;Allemagne ferait 90 Md\u20ac d&rsquo;\u00e9conomies annuellement, donc moins de PIB et se rapprocherait de celui de la France. <br>Mr Olaf Scholz pourrait nous dire \u00ab\u00a0Merci la France\u00a0\u00bb, pour l&rsquo;harmonisation des finances.<br>Ce type d&rsquo;entraide intra-europ\u00e9enne , par opposition aux d\u00e9ficits, est a creuser .<\/em><br><strong><em>Note: TBB ne fait pas payer ses conseils.<\/em><\/strong><\/h3>\n\n\n\n<h3 class=\"wp-block-heading alignwide has-base-2-color has-text-color has-link-color wp-elements-2b48e081fa8cb2218cbd4bcc07055d1d\"><\/h3>\n\n\n\n<p class=\"has-contrast-1-color has-text-color has-link-color wp-elements-8a6244d0256af1d148be9c6f8727b5fe\"><\/p>\n\n\n\n<div style=\"margin-top:var(--wp--preset--spacing--10);margin-bottom:0;height:var(--wp--preset--spacing--10)\" aria-hidden=\"true\" class=\"wp-block-spacer\"><\/div>\n<\/div>\n<\/div>\n\n\n\n<div class=\"wp-block-group alignfull has-global-padding is-layout-constrained wp-container-core-group-is-layout-d89aad35 wp-block-group-is-layout-constrained\" style=\"margin-top:0;margin-bottom:0;padding-top:var(--wp--preset--spacing--50);padding-right:var(--wp--preset--spacing--50);padding-bottom:var(--wp--preset--spacing--50);padding-left:var(--wp--preset--spacing--50)\"><\/div>\n","protected":false},"excerpt":{"rendered":"<p>Ici nous donnons des conseils \u00e0 nos voisins Allemands, afin de r\u00e9duire l\u2019\u00e9cart existant entre les PIB Allemands et Fran\u00e7ais .Nous n avons pas os\u00e9, en cette p\u00e9riode ou les agit\u00e9s se sont reproduit \u00e0 l\u2019Assembl\u00e9e, donner des conseils aux Fran\u00e7ais Apr\u00e8s lecture des \u00e9tudes Europ\u00e9ennes comparatives, TBB pose les questions suivantes:Les enseignants Fran\u00e7ais sont-ils [&hellip;]<\/p>\n","protected":false},"author":1,"featured_media":0,"parent":0,"menu_order":0,"comment_status":"closed","ping_status":"closed","template":"","meta":{"footnotes":""},"class_list":["post-84","page","type-page","status-publish","hentry"],"_links":{"self":[{"href":"https:\/\/neuroleak.fr\/index.php?rest_route=\/wp\/v2\/pages\/84","targetHints":{"allow":["GET"]}}],"collection":[{"href":"https:\/\/neuroleak.fr\/index.php?rest_route=\/wp\/v2\/pages"}],"about":[{"href":"https:\/\/neuroleak.fr\/index.php?rest_route=\/wp\/v2\/types\/page"}],"author":[{"embeddable":true,"href":"https:\/\/neuroleak.fr\/index.php?rest_route=\/wp\/v2\/users\/1"}],"replies":[{"embeddable":true,"href":"https:\/\/neuroleak.fr\/index.php?rest_route=%2Fwp%2Fv2%2Fcomments&post=84"}],"version-history":[{"count":5,"href":"https:\/\/neuroleak.fr\/index.php?rest_route=\/wp\/v2\/pages\/84\/revisions"}],"predecessor-version":[{"id":966,"href":"https:\/\/neuroleak.fr\/index.php?rest_route=\/wp\/v2\/pages\/84\/revisions\/966"}],"wp:attachment":[{"href":"https:\/\/neuroleak.fr\/index.php?rest_route=%2Fwp%2Fv2%2Fmedia&parent=84"}],"curies":[{"name":"wp","href":"https:\/\/api.w.org\/{rel}","templated":true}]}}